ulate the remainder when f(-1) is divided by g(5).
5
Let k be (-42)/9*(1 - -2). Let a = k + 17. Calculate the remainder when 3 is divided by a.
0
Let w(y) be the second derivative of y**3/2 - 3*y**2/2 + 3*y. Let n(s) = -1. Let v(r) = -2*n(r) - w(r). What is the remainder when v(-5) is divided by 11?
9
What is the remainder when 30 is divided by 3 + ((-9)/(-12))/(8/64)?
3
Let x(a) = 7*a**3 - 3*a + 10. Calculate the remainder when x(3) is divided by 24.
22
Let c be 2/4*1*16. Suppose -3*m + 5*o + 30 = 0, 2*m - o - 19 = c. Suppose 116 = -3*q + 7*q. What is the remainder when q is divided by m?
14
Let d(w) = -2*w - 11. Let i be d(-9). Suppose -i = -4*f + 13. Suppose 0*j + 69 = 3*x - 3*j, -125 = -f*x + 3*j. Calculate the remainder when x is divided by 15.
13
Let r(i) = 42*i - 3. Let p be r(2). Suppose 5*b - p = 79. Calculate the remainder when b is divided by 11.
10
Let k(h) = 6*h + 12. Calculate the remainder when 20 is divided by k(0).
8
Suppose -4*z - 4*h + 56 = 0, -3*z - 2*h + 21 = -19. Calculate the remainder when -4*(0 + 44/(-8)) is divided by z.
10
Let v be 0/(-1 + (-3)/3). Let g(j) = -j**3 - j**2 + j + 9. Let b be g(0). Suppose v*u = -u + b. What is the remainder when 25 is divided by u?
7
Suppose k - 4*k - 12 = 0. What is the remainder when (-2)/8 + (-257)/k is divided by -8 + 6 + (0 - -24)?
20
Let v(r) = r + 6. Let n be v(-3). Suppose 2*j - n*o + 17 = 4*j, -j - 3*o + 4 = 0. Suppose y + 152 = 5*y. Calculate the remainder when y is divided by j.
12
Suppose -3*y + 640 = 4*f, -2*y - 2*f + 435 = 7. Suppose 4*m - y = -0*m. What is the remainder when m is divided by (3 + -2)/(1 - (-18)/(-19))?
16
Suppose -2*k = a - 109, 3*a = -0*a + k + 299. Calculate the remainder when a is divided by 35.
31
Suppose -o + 6*o - 20 = 0. Suppose 3*r - 3*k + 0*k + 240 = 0, -4*r - o*k = 288. Let u = -46 - r. Calculate the remainder when u is divided by 16.
14
Let p(n) = 2*n**2 - 6*n - 9. What is the remainder when p(-6) is divided by 34?
31
Suppose -4*s - 20 = 4*f, 19 = -6*s + 3*s - 5*f. Let a be (5 + 1)*s/(-6). Suppose z = a*z - 20. What is the remainder when 29 is divided by z?
9
Calculate the remainder when 93 is divided by (-342)/45*((-2)/4 - 2).
17
Let p = -36 - -60. Calculate the remainder when p is divided by 11.
2
Let b(o) = -4*o - 7. Let c be b(-6). Let z = 63 - c. Calculate the remainder when z is divided by 16.
14
Let l = 0 + 8. Suppose 3*z = l*z. Suppose z = 3*r - 15. What is the remainder when 14 is divided by r?
4
Let u be 3*(-3)/(-9) + 2. Suppose 2*m - 35 = -3*o, 4*m + 0*o + u*o - 55 = 0. What is the remainder when m is divided by 4?
2
Suppose 5*i = -5*o + 131 - 26, 0 = -4*i + 20. Let m = o - 14. Calculate the remainder when 3 is divided by m.
1
Suppose -t + 55 = 2*i, -i + t + 4 = -31. Calculate the remainder when i is divided by 8.
6
Suppose -14*j + 9*j = -150. Calculate the remainder when j is divided by 11.
8
Suppose 3*h = u + 4*u + 36, -5*h = 3*u + 8. Let b(y) = 0*y + 3*y + 4 + 7*y - 11*y. What is the remainder when 19 is divided by b(u)?
9
Let y = 4 - 12. Let p = 4 - 1. What is the remainder when p is divided by 16/6 + y/12?
1
Suppose n - 3 = -4*k, -k - 12 = -4*n - 0*k. Suppose -5*g + 5*w = -75, 0 = 3*g + n*w - 42 + 3. What is the remainder when 40 is divided by g?
12
Calculate the remainder when 1/1 + (-150)/(-5) + 2 is divided by 9.
6
Let r(g) = -g + 1. Let k be r(-1). Suppose 5*j = 4*j - c + k, c + 22 = 5*j. Calculate the remainder when j is divided by 2.
0
Let x(f) = -25*f - 5. What is the remainder when x(-3) is divided by 18?
16
Let r = -10 + 7. What is the remainder when 14 is divided by ((33 - 3)/r)/(-2)?
4
Let n = -8 + 33. Calculate the remainder when n is divided by 9.
7
Suppose 3*m + 0*c - c - 59 = 0, m = 2*c + 18. What is the remainder when 39 is divided by m?
19
Let z = -12 + 22. Let b(w) = -w**3 - 11*w**2 + 12*w + 13. Let a be b(-12). Let l(m) = -m**3 + 13*m**2 + m + 5. What is the remainder when l(a) is divided by z?
8
Let m = -64 - -71. What is the remainder when 46 is divided by m?
4
Suppose 28 = -4*i - 2*l, 6 = -2*i + 3*l - 0*l. Let d = i + 4. What is the remainder when 28 is divided by 75/(-10)*(0 + d)?
13
Calculate the remainder when 6 is divided by (-4)/16 - 34/(-8).
2
Let c = 102 - 72. Suppose -c - 9 = -3*v. Calculate the remainder when 38 is divided by v.
12
Suppose -17*n = -15*n - 160. Calculate the remainder when n is divided by 27.
26
Let i = -4 - -57. Calculate the remainder when i is divided by 14.
11
What is the remainder when 63 is divided by ((-44)/(-33))/(4/102)?
29
Let t = -5 - -3. Let g(a) = -4*a**3 + 2*a**2 - a - 2. What is the remainder when g(t) is divided by 21?
19
What is the remainder when 1 - 10/12 - (-5225)/150 is divided by ((-27)/4)/((-6)/16)?
17
Suppose -4*m + 0*m - 768 = 0. Let l = 30 - -10. Calculate the remainder when l is divided by m/(-14) + 16/56.
12
Let s(f) = 6*f**3 - 1. Let j be s(1). Suppose -j*z - 5*m - 2 + 62 = 0, -4*m = 5*z - 60. Let t = 67 + -44. Calculate the remainder when t is divided by z.
11
Let q(m) = 2*m - 32. What is the remainder when 40 is divided by q(23)?
12
Let k be -4 + (5 - (1 + 2)). Calculate the remainder when 100/5 - (-1 - k) is divided by 11.
8
Calculate the remainder when 231*(32/(-12) + 3) is divided by 20.
17
Let j = 55 - 20. Suppose 2*v = -14 + 38. What is the remainder when j is divided by v?
11
Let c(o) be the third derivative of -o**5/60 + o**4/24 + o**3/2 + 2*o**2. Let g be c(3). Let x = 4 + g. Calculate the remainder when 1 is divided by x.
0
Let t = 20 + -4. Calculate the remainder when (1 + 54/(-4))*(-24)/10 is divided by t.
14
Let y = 15 - 8. Let w(s) = -s**2 - 7*s - 3. Let c be w(-6). Suppose t = c*n - 53, -3*n + 2*t + 53 = 4. Calculate the remainder when n is divided by y.
5
Let p(j) = 26*j - 1. Calculate the remainder when p(2) is divided by 13.
12
Let j be (-24)/32 + (-38)/(-8). Calculate the remainder when 34 is divided by (-8)/(j*(-2)/12).
10
Let s(f) = f**2 + 8*f + 10. Calculate the remainder when 19 is divided by s(-8).
9
Suppose a - 4 = 5. Calculate the remainder when 25 is divided by a.
7
Let v(j) = 6*j - 1. Suppose 8*d - 56 = 104. What is the remainder when d is divided by v(2)?
9
Suppose -2*d - 2 = -3*d. Let p be ((-9)/(-12))/(d/8). Suppose 3*w - 4*c + 9 = p, 4*c - 12 = 0. Calculate the remainder when 2 is divided by w.
0
Suppose g = -2*g - 57. Let n be (-1)/(1/((-126)/(-3))). Let c = g - n. What is the remainder when c is divided by 13?
10
Let k(a) = -a**2 - 10*a - 8. Let g be k(-10). Let v(j) = -j**3 - 7*j**2 + 9*j + 2. Let q be v(g). Calculate the remainder when -2 - (-1 - q)*-1 is divided by 2.
1
Let y be 1309/(-34)*(-2)/1. Let i = -28 + y. What is the remainder when i is divided by 13?
10
Let g(m) = -m + 1. Let b be g(-5). Let i(k) be the second derivative of k**3/2 - 7*k**2/2 - 8*k. Calculate the remainder when i(b) is divided by 4.
3
Suppose 0 = -5*s + s + 228. Let u = 65 + -50. Calculate the remainder when s is divided by u.
12
Calculate the remainder when (7 + 1)/((-4)/(-18)) is divided by 16.
4
Let w(i) = -i**3 - 6*i**2 + 12*i - 5. Calculate the remainder when 133 is divided by w(-8).
25
Let s be (7 - 5)*(2 - 0). Suppose s*t + 84 = 6*t. Calculate the remainder when t is divided by 22.
20
Let q = 31 + -22. Let c(y) = -3*y + 25. Calculate the remainder when c(0) is divided by q.
7
Calculate the remainder when 2*(-3)/((-6)/7) is divided by ((1 - 3)*-3)/2.
1
Suppose 3*c + 175 = 8*c. What is the remainder when c is divided by 0 + -2 - (-19 - 1)?
17
Suppose 10*r + 8 = 11*r. What is the remainder when 27 is divided by r?
3
Let g(j) = j**3 - 6*j**2 - 6*j + 5. Let y be g(7). Suppose h = y + 4. What is the remainder when h is divided by 6?
4
Suppose -32*y - 63 = -33*y. What is the remainder when y is divided by 16?
15
Suppose 3*v - 17 = 2*s - 0*v, 3*v - 3 = 0. Let m(w) = w**3 + 6*w**2 - 5*w + 5. Let i be m(s). Let r = i - -13. What is the remainder when r is divided by 2?
0
Suppose -2*c - 3*c + 3*m + 62 = 0, 3*c - m = 34. Suppose 2*r + 54 = 5*r. What is the remainder when r is divided by c?
8
Let d = -28 - -16. What is the remainder when 9 is divided by d/30 - 44/(-10)?
1
Let s be 9 + -3 - (-3 + 12/4). Let u = 26 - 10. Suppose 4*b - u = 2*v, 2*b - s = 5*v + 10. Calculate the remainder when b is divided by 3.
0
Let y = -4 + 3. Let q(h) = -19*h